{"id":173,"date":"2017-02-12T22:20:52","date_gmt":"2017-02-12T21:20:52","guid":{"rendered":"http:\/\/kd.myderma.de\/?page_id=173"},"modified":"2019-07-17T17:02:57","modified_gmt":"2019-07-17T15:02:57","slug":"oberarmstraffung-berlin-in-unserer-praxisklinik-fuer-aesthetische-medizin-und-schoenheitschirurgie","status":"publish","type":"page","link":"https:\/\/kirsten-derma.de\/tr\/ust-kol-germe-berlin\/","title":{"rendered":"\u00dcst kol germesi"},"content":{"rendered":"<div id=\"bild\" class=\"mod_article bild block\">\n<div class=\"ce_text haupttext block\">\n<h1 class=\"heading\">\u00dcst kol germesi<\/h1>\n<p><img wpfc-lazyload-disable=\"true\" loading=\"lazy\" decoding=\"async\" width=\"724\" height=\"350\" class=\"alignnone size-full wp-image-1958\" src=\"https:\/\/kirsten-derma.de\/wp-content\/uploads\/2017\/02\/oberarmstraffung-berlin.jpg\" alt=\"Oberarmstraffung-Berlin\" srcset=\"https:\/\/kirsten-derma.de\/wp-content\/uploads\/2017\/02\/oberarmstraffung-berlin.jpg 724w, https:\/\/kirsten-derma.de\/wp-content\/uploads\/2017\/02\/oberarmstraffung-berlin-300x145.jpg 300w\" sizes=\"auto, (max-width: 724px) 100vw, 724px\" \/><\/p>\n<p>Tanidik kelimeler:\u00dcst kol yag aldirma ve \u00dcst kol germesi, Brachioplastie, \u00dcst kol d\u00fczeltmesi, Kol germesi, Kolda Cilt sarkmasi.<\/p>\n<h2>Genel<\/h2>\n<p>Sarkmis ve fazla olan cilt \u00dcst kol kisimlarda yogun bir sorundur.Bazen sadece bir yag aldirma yeterlidir, istenilen Ciltdurumunu elde etmek icin, c\u00fcnk\u00fc Liposuction sonrasi deri yeterlidir.Ancak, cild yeterince esnek degilse veya Cilt fazlaligi cok fazlaysa, bir \u00dcst Kol d\u00fczeltmesi istenilebilinir.Bizim uygulama muyanede Berlinde Avelar sonra teknoloji ile bu m\u00fcdahaledir(Brezilya)yapilir.<\/p>\n<h3>Hangi anestezik kullanilir?<\/h3>\n<p>Lokal anestezik Siskinlik \u00dcst kollar uyusturulur.Isteye G\u00f6re uyuklamak istenile bilinir.<\/p>\n<h3>Kol gerdirmesi nasil yapilir?<\/h3>\n<p>Bey Doktor Kirsten alinacak yerleri cizdikten sonra, siskinlik \u00f6zel pompa yardimciyla ameliyat edilecek deri alanlari icine yapilir.Anestezi takiben bir yag aldirma \u00f6zel nce kan\u00fcllerle, sinirler ve damarlari korur.Kesinti y\u00f6netim \u00dcst kol germesinde Fazla olan Cilt birikime uymali.Bir kac Varyasyonlar Kesinti y\u00f6netimde vardir resimlerde g\u00f6r\u00fcnd\u00fcg\u00fc gibi.<\/p>\n<p><img wpfc-lazyload-disable=\"true\" loading=\"lazy\" decoding=\"async\" title=\"Kol germesi\" src=\"https:\/\/kirsten-derma.de\/tl_files\/tiny_templates\/kirsten-derma\/Oberarmstraffung\/armstraffung_tur.jpg\" alt=\"Kol germesi\" width=\"500\" height=\"560\" \/><\/p>\n<p>Hokey sopasi\u00a0\u00a0\u00a0\u00a0\u00a0\u00a0\u00a0\u00a0\u00a0\u00a0\u00a0\u00a0\u00a0\u00a0\u00a0\u00a0\u00a0\u00a0\u00a0\u00a0\u00a0\u00a0\u00a0\u00a0\u00a0\u00a0\u00a0\u00a0\u00a0\u00a0\u00a0\u00a0\u00a0\u00a0\u00a0\u00a0\u00a0\u00a0\u00a0\u00a0\u00a0\u00a0\u00a0\u00a0\u00a0\u00a0 \u00a0 \u00a0\u00a0 Kolgermesi T-Kesim<\/p>\n<p><strong>Varyant 1. <\/strong>Kesinti ortalama koltuk alti ve neredeyse Dirsekeklemi bulur ve daha sonra sedasiz \u00fcst kolun ic kismi yerlestime ile.Koltuk alti alaninda kesisim cizgisi b\u00fck\u00fclm\u00fcs, ve daha sonra dolasim \u00f6zg\u00fcrl\u00fcg\u00fc Omuzekleminde elde edilmesi icin.Bu B\u00f6l\u00fcm uzunluk olarak degisebilir ve Hokey sopasi B\u00f6l\u00fcm denilir.<\/p>\n<p><strong>Varyant 2. <\/strong>Bu Kesim yapilir, Koltuk altindaki cilt siddetle sarkar ve kirisir g\u00f6r\u00fcn\u00fcr ve T-Kesim olarak adlandirilir.Bu Kesimdede bir yara telinin olusumuna \u00f6nlenebilir.<\/p>\n<p>Geri kalan cildin cikarilmasi cok katmanli sonra yara dikilir.Bu dikisler alinmasi iki hafta sonra olur.<\/p>\n<h3>\u00dcst kol gerdirmesinden sonra neye dikkat etmek gerekir?<\/h3>\n<p>\u00dcst kol gerdirmesinden sonra bir \u00f6zel kompresyon corabi takilir, bunu 3-4 Hafta saatler boyunca takicaginiz, sonradan sadece g\u00fcnd\u00fcz toplam 2-3 Ay icin tasimalisiniz.B\u00f6ylece Sislikler ve d\u00fczensiz ciltde B\u00fcy\u00fcme \u00f6nler.<\/p>\n<h3>\u00dcst kol gerdirmesinden sonra sancilar cok mu siddetli?<\/h3>\n<p>T\u00fcm Hastalar bizim uygulama muyanede Berlinde kisaca yetenekli g\u00f6revden hemen sonra m\u00fcdahale edilir, ama araba kullanamasiniz.S\u00fcrd\u00fcr\u00fclebilir etkisi ile Tumeszenzanestezik postoperatif agri mevcutdu.Hassas olan Hastalarda gece de bir verilen agri kesici alinabilinir.<\/p>\n<h3>\u00dcst kol gerdirmesinden sonra nasil hareket etmeliyim?<\/h3>\n<p>Her 2 G\u00fcnde bir ilk Haftalarda bandaj degismesinde bizim uygulama muyanede Berlinde g\u00f6r\u00fcn\u00fcr.Doktor Kirsten dikisleri kontrol eder ve yaralari, Sargi antibiyotik iceren merhemler ile yenilenilir.Bir kisitlama \u00dcst kol hareketinde ve bir kompresyon tedavisi Gecme kollu ile son derece \u00f6nemlidir, komlikasyonsuz icin Yara iyilesmesi icin.Ilk 2-3 Haftalarda her hareketler, yara durumda esnemeye olan, azaltilabilir.Omuz eklemlerdeki hareketler, \u00f6zellikle kollarin yanlari, iyilesme s\u00fcresinde gereksizdir.Spor sadece 6 Hafta sonra d\u00fcsenebilirsiniz.<\/p>\n<h3>Hangi Sonra tedaviler gerekebilir?<\/h3>\n<p>\u00dcst kol germedeki etrafinda deriler desteklemek icin ve Sislikler ve Lenfatik m\u00fccadele etmek icin, Bazi \u00f6nlemler tavsiyeler bizim uygulama muyanede Berlinde.Bu cihaz yardimiyla Ultrason, vakum radyo dalga ile veya aralikli cihaz Lenfatik drenaji iyilesme s\u00fcresini hizlandirabiliriz.<\/p>\n<h3>Hangi komplikasyonlat bir \u00dcst kol germede cikabilir?<\/h3>\n<p>Her ameliyata gibi morarmalar, iltihaplar, Sislikler ve sancilar olabiliyor.Genel kompikasyonlar bir \u00dcst Kol germede bunlardir: Uyusukluk ve his kaybi.<\/p>\n<p>\u00dcst kol germede ameliyatli b\u00f6lgeler bir k\u00fcc\u00fck cilt sinirlarda yaralama da uyusabilir.Bu his ama genelde bir kac hafta da gidiyor.Kulak k\u00f6pegi veya K\u00f6pek kulaklari fazla olan cilt birikimleri, Dirseklerin son kisminda \u00dcst kol germedeki dikislerde cikabilir.Olmasada, bu k\u00fcc\u00fck fazla olan cilt birikimleri k\u00fcc\u00fck bir anestezik ile alinabilinir.<\/p>\n<p>T\u00fcm Tedavi secenekleri sizin icin yapilmistir ve sizin isteklerinize g\u00f6re.Doktor Kirsten size severek zaman ayiriyor ve sizinle isteklerinizi ve sorunlarizi bir Mezoterapisi danismada konusacaktir.Isterseniz telefonla veya <a href=\"https:\/\/kirsten-derma.de\/Ulasim.html\">Onlinetermin<\/a> bizim Belinde olan muyaenemizde alabilirsiniz.<\/p>\n<\/div>\n<\/div>\n","protected":false},"excerpt":{"rendered":"<p>\u00dcst kol germesi Tanidik kelimeler:\u00dcst kol yag aldirma ve \u00dcst kol germesi, Brachioplastie, \u00dcst kol d\u00fczeltmesi, Kol germesi, Kolda Cilt sarkmasi. Genel Sarkmis ve fazla olan cilt \u00dcst kol kisimlarda yogun bir sorundur.Bazen sadece bir yag aldirma yeterlidir, istenilen Ciltdurumunu elde etmek icin, c\u00fcnk\u00fc Liposuction sonrasi deri yeterlidir.Ancak, cild yeterince esnek degilse veya Cilt fazlaligi cok fazlaysa, bir \u00dcst Kol d\u00fczeltmesi istenilebilinir.Bizim uygulama muyanede Berlinde Avelar sonra teknoloji ile bu m\u00fcdahaledir(Brezilya)yapilir. Hangi anestezik kullanilir? Lokal anestezik Siskinlik \u00dcst kollar uyusturulur.Isteye [&hellip;]<\/p>\n","protected":false},"author":2,"featured_media":0,"parent":0,"menu_order":0,"comment_status":"closed","ping_status":"closed","template":"","meta":{"footnotes":""},"tags":[],"class_list":["post-173","page","type-page","status-publish","hentry"],"yoast_head":"<!-- This site is optimized with the Yoast SEO Premium plugin v22.5 (Yoast SEO v16.4) - https:\/\/yoast.com\/wordpress\/plugins\/seo\/ -->\n<title>Oberarmstraffung | Oberarmlifting Berlin - Juri Kirsten am Wittenbergplatz<\/title>\n<meta name=\"description\" content=\"Oberarmstraffung Berlin am Wittnebergplatz \u25ba Oberarmlifting Berlin \u25ba Herr Juri Kirsten \u25ba individuelle Beratungs vereinbaren unter - Tel: 030 23621292\" \/>\n<meta name=\"robots\" content=\"index, follow, max-snippet:-1, max-image-preview:large, max-video-preview:-1\" \/>\n<link rel=\"canonical\" href=\"https:\/\/kirsten-derma.de\/oberarmstraffung-fettabsaugung-lifting-berlin\/\" \/>\n<meta property=\"og:locale\" content=\"tr_TR\" \/>\n<meta property=\"og:type\" content=\"article\" \/>\n<meta property=\"og:title\" content=\"Oberarmstraffung | Oberarmlifting Berlin - Juri Kirsten am Wittenbergplatz\" \/>\n<meta property=\"og:description\" content=\"Oberarmstraffung Berlin am Wittnebergplatz \u25ba Oberarmlifting Berlin \u25ba Herr Juri Kirsten \u25ba individuelle Beratungs vereinbaren unter - Tel: 030 23621292\" \/>\n<meta property=\"og:url\" content=\"https:\/\/kirsten-derma.de\/oberarmstraffung-fettabsaugung-lifting-berlin\/\" \/>\n<meta property=\"og:site_name\" content=\"Praxis Juri Kirsten\" \/>\n<meta property=\"article:modified_time\" content=\"2019-07-17T15:02:57+00:00\" \/>\n<meta property=\"og:image\" content=\"https:\/\/kirsten-derma.de\/wp-content\/uploads\/2019\/07\/oberarmstraffung-berlin-Armliting-Berlin.jpg\" \/>\n<meta name=\"twitter:card\" content=\"summary\" \/>\n<meta name=\"twitter:label1\" content=\"Tahmini okuma s\u00fcresi\" \/>\n\t<meta name=\"twitter:data1\" content=\"3 dakika\" \/>\n<script type=\"application\/ld+json\" class=\"yoast-schema-graph\">{\"@context\":\"https:\/\/schema.org\",\"@graph\":[{\"@type\":\"WebSite\",\"@id\":\"https:\/\/kirsten-derma.de\/#website\",\"url\":\"https:\/\/kirsten-derma.de\/\",\"name\":\"Praxis Juri Kirsten\",\"description\":\"Facharzt f\\u00fcr Dermatologie und Allergologie Juri Kirsten Berlin\",\"potentialAction\":[{\"@type\":\"SearchAction\",\"target\":\"https:\/\/kirsten-derma.de\/?s={search_term_string}\",\"query-input\":\"required name=search_term_string\"}],\"inLanguage\":\"tr\"},{\"@type\":\"ImageObject\",\"@id\":\"https:\/\/kirsten-derma.de\/oberarmstraffung-fettabsaugung-lifting-berlin\/#primaryimage\",\"inLanguage\":\"tr\",\"url\":\"https:\/\/kirsten-derma.de\/wp-content\/uploads\/2017\/02\/oberarmstraffung-berlin.jpg\",\"contentUrl\":\"https:\/\/kirsten-derma.de\/wp-content\/uploads\/2017\/02\/oberarmstraffung-berlin.jpg\",\"width\":\"724\",\"height\":\"350\",\"caption\":\"Oberarmstraffung-Berlin\"},{\"@type\":\"WebPage\",\"@id\":\"https:\/\/kirsten-derma.de\/oberarmstraffung-fettabsaugung-lifting-berlin\/#webpage\",\"url\":\"https:\/\/kirsten-derma.de\/oberarmstraffung-fettabsaugung-lifting-berlin\/\",\"name\":\"Oberarmstraffung | Oberarmlifting Berlin - Juri Kirsten am Wittenbergplatz\",\"isPartOf\":{\"@id\":\"https:\/\/kirsten-derma.de\/#website\"},\"primaryImageOfPage\":{\"@id\":\"https:\/\/kirsten-derma.de\/oberarmstraffung-fettabsaugung-lifting-berlin\/#primaryimage\"},\"datePublished\":\"2017-02-12T21:20:52+00:00\",\"dateModified\":\"2019-07-17T15:02:57+00:00\",\"description\":\"Oberarmstraffung Berlin am Wittnebergplatz \\u25ba Oberarmlifting Berlin \\u25ba Herr Juri Kirsten \\u25ba individuelle Beratungs vereinbaren unter - Tel: 030 23621292\",\"breadcrumb\":{\"@id\":\"https:\/\/kirsten-derma.de\/oberarmstraffung-fettabsaugung-lifting-berlin\/#breadcrumb\"},\"inLanguage\":\"tr\",\"potentialAction\":[{\"@type\":\"ReadAction\",\"target\":[\"https:\/\/kirsten-derma.de\/oberarmstraffung-fettabsaugung-lifting-berlin\/\"]}]},{\"@type\":\"BreadcrumbList\",\"@id\":\"https:\/\/kirsten-derma.de\/oberarmstraffung-fettabsaugung-lifting-berlin\/#breadcrumb\",\"itemListElement\":[{\"@type\":\"ListItem\",\"position\":1,\"item\":{\"@type\":\"WebPage\",\"@id\":\"https:\/\/kirsten-derma.de\/\",\"url\":\"https:\/\/kirsten-derma.de\/\",\"name\":\"Startseite\"}},{\"@type\":\"ListItem\",\"position\":2,\"item\":{\"@id\":\"https:\/\/kirsten-derma.de\/oberarmstraffung-fettabsaugung-lifting-berlin\/#webpage\"}}]}]}<\/script>\n<!-- \/ Yoast SEO Premium plugin. -->","_links":{"self":[{"href":"https:\/\/kirsten-derma.de\/tr\/wp-json\/wp\/v2\/pages\/173","targetHints":{"allow":["GET"]}}],"collection":[{"href":"https:\/\/kirsten-derma.de\/tr\/wp-json\/wp\/v2\/pages"}],"about":[{"href":"https:\/\/kirsten-derma.de\/tr\/wp-json\/wp\/v2\/types\/page"}],"author":[{"embeddable":true,"href":"https:\/\/kirsten-derma.de\/tr\/wp-json\/wp\/v2\/users\/2"}],"replies":[{"embeddable":true,"href":"https:\/\/kirsten-derma.de\/tr\/wp-json\/wp\/v2\/comments?post=173"}],"version-history":[{"count":0,"href":"https:\/\/kirsten-derma.de\/tr\/wp-json\/wp\/v2\/pages\/173\/revisions"}],"wp:attachment":[{"href":"https:\/\/kirsten-derma.de\/tr\/wp-json\/wp\/v2\/media?parent=173"}],"wp:term":[{"taxonomy":"post_tag","embeddable":true,"href":"https:\/\/kirsten-derma.de\/tr\/wp-json\/wp\/v2\/tags?post=173"}],"curies":[{"name":"wp","href":"https:\/\/api.w.org\/{rel}","templated":true}]}}

Üst kol germesi

<div id="bild" class="mod_article bild block">
<div class="ce_text haupttext block">
<h1 class="heading">Üst kol germesi</h1>
<p><img wpfc-lazyload-disable="true" loading="lazy" decoding="async" width="724" height="350" class="alignnone size-full wp-image-1958" src="https://kirsten-derma.de/wp-content/uploads/2017/02/oberarmstraffung-berlin.jpg" alt="Oberarmstraffung-Berlin" srcset="https://kirsten-derma.de/wp-content/uploads/2017/02/oberarmstraffung-berlin.jpg 724w, https://kirsten-derma.de/wp-content/uploads/2017/02/oberarmstraffung-berlin-300x145.jpg 300w" sizes="auto, (max-width: 724px) 100vw, 724px" /></p>
<p>Tanidik kelimeler:Üst kol yag aldirma ve Üst kol germesi, Brachioplastie, Üst kol düzeltmesi, Kol germesi, Kolda Cilt sarkmasi.</p>
<h2>Genel</h2>
<p>Sarkmis ve fazla olan cilt Üst kol kisimlarda yogun bir sorundur.Bazen sadece bir yag aldirma yeterlidir, istenilen Ciltdurumunu elde etmek icin, cünkü Liposuction sonrasi deri yeterlidir.Ancak, cild yeterince esnek degilse veya Cilt fazlaligi cok fazlaysa, bir Üst Kol düzeltmesi istenilebilinir.Bizim uygulama muyanede Berlinde Avelar sonra teknoloji ile bu müdahaledir(Brezilya)yapilir.</p>
<h3>Hangi anestezik kullanilir?</h3>
<p>Lokal anestezik Siskinlik Üst kollar uyusturulur.Isteye Göre uyuklamak istenile bilinir.</p>
<h3>Kol gerdirmesi nasil yapilir?</h3>
<p>Bey Doktor Kirsten alinacak yerleri cizdikten sonra, siskinlik özel pompa yardimciyla ameliyat edilecek deri alanlari icine yapilir.Anestezi takiben bir yag aldirma özel nce kanüllerle, sinirler ve damarlari korur.Kesinti yönetim Üst kol germesinde Fazla olan Cilt birikime uymali.Bir kac Varyasyonlar Kesinti yönetimde vardir resimlerde göründügü gibi.</p>
<p><img wpfc-lazyload-disable="true" loading="lazy" decoding="async" title="Kol germesi" src="https://kirsten-derma.de/tl_files/tiny_templates/kirsten-derma/Oberarmstraffung/armstraffung_tur.jpg" alt="Kol germesi" width="500" height="560" /></p>
<p>Hokey sopasi                                                    Kolgermesi T-Kesim</p>
<p><strong>Varyant 1. </strong>Kesinti ortalama koltuk alti ve neredeyse Dirsekeklemi bulur ve daha sonra sedasiz üst kolun ic kismi yerlestime ile.Koltuk alti alaninda kesisim cizgisi bükülmüs, ve daha sonra dolasim özgürlügü Omuzekleminde elde edilmesi icin.Bu Bölüm uzunluk olarak degisebilir ve Hokey sopasi Bölüm denilir.</p>
<p><strong>Varyant 2. </strong>Bu Kesim yapilir, Koltuk altindaki cilt siddetle sarkar ve kirisir görünür ve T-Kesim olarak adlandirilir.Bu Kesimdede bir yara telinin olusumuna önlenebilir.</p>
<p>Geri kalan cildin cikarilmasi cok katmanli sonra yara dikilir.Bu dikisler alinmasi iki hafta sonra olur.</p>
<h3>Üst kol gerdirmesinden sonra neye dikkat etmek gerekir?</h3>
<p>Üst kol gerdirmesinden sonra bir özel kompresyon corabi takilir, bunu 3-4 Hafta saatler boyunca takicaginiz, sonradan sadece gündüz toplam 2-3 Ay icin tasimalisiniz.Böylece Sislikler ve düzensiz ciltde Büyüme önler.</p>
<h3>Üst kol gerdirmesinden sonra sancilar cok mu siddetli?</h3>
<p>Tüm Hastalar bizim uygulama muyanede Berlinde kisaca yetenekli görevden hemen sonra müdahale edilir, ama araba kullanamasiniz.Sürdürülebilir etkisi ile Tumeszenzanestezik postoperatif agri mevcutdu.Hassas olan Hastalarda gece de bir verilen agri kesici alinabilinir.</p>
<h3>Üst kol gerdirmesinden sonra nasil hareket etmeliyim?</h3>
<p>Her 2 Günde bir ilk Haftalarda bandaj degismesinde bizim uygulama muyanede Berlinde görünür.Doktor Kirsten dikisleri kontrol eder ve yaralari, Sargi antibiyotik iceren merhemler ile yenilenilir.Bir kisitlama Üst kol hareketinde ve bir kompresyon tedavisi Gecme kollu ile son derece önemlidir, komlikasyonsuz icin Yara iyilesmesi icin.Ilk 2-3 Haftalarda her hareketler, yara durumda esnemeye olan, azaltilabilir.Omuz eklemlerdeki hareketler, özellikle kollarin yanlari, iyilesme süresinde gereksizdir.Spor sadece 6 Hafta sonra düsenebilirsiniz.</p>
<h3>Hangi Sonra tedaviler gerekebilir?</h3>
<p>Üst kol germedeki etrafinda deriler desteklemek icin ve Sislikler ve Lenfatik mücadele etmek icin, Bazi önlemler tavsiyeler bizim uygulama muyanede Berlinde.Bu cihaz yardimiyla Ultrason, vakum radyo dalga ile veya aralikli cihaz Lenfatik drenaji iyilesme süresini hizlandirabiliriz.</p>
<h3>Hangi komplikasyonlat bir Üst kol germede cikabilir?</h3>
<p>Her ameliyata gibi morarmalar, iltihaplar, Sislikler ve sancilar olabiliyor.Genel kompikasyonlar bir Üst Kol germede bunlardir: Uyusukluk ve his kaybi.</p>
<p>Üst kol germede ameliyatli bölgeler bir kücük cilt sinirlarda yaralama da uyusabilir.Bu his ama genelde bir kac hafta da gidiyor.Kulak köpegi veya Köpek kulaklari fazla olan cilt birikimleri, Dirseklerin son kisminda Üst kol germedeki dikislerde cikabilir.Olmasada, bu kücük fazla olan cilt birikimleri kücük bir anestezik ile alinabilinir.</p>
<p>Tüm Tedavi secenekleri sizin icin yapilmistir ve sizin isteklerinize göre.Doktor Kirsten size severek zaman ayiriyor ve sizinle isteklerinizi ve sorunlarizi bir Mezoterapisi danismada konusacaktir.Isterseniz telefonla veya <a href="https://kirsten-derma.de/Ulasim.html">Onlinetermin</a> bizim Belinde olan muyaenemizde alabilirsiniz.</p>
</div>
</div>

<p>Üst kol germesi Tanidik kelimeler:Üst kol yag aldirma ve Üst kol germesi, Brachioplastie, Üst kol düzeltmesi, Kol germesi, Kolda Cilt sarkmasi. Genel Sarkmis ve fazla olan cilt Üst kol kisimlarda yogun bir sorundur.Bazen sadece bir yag aldirma yeterlidir, istenilen Ciltdurumunu elde etmek icin, cünkü Liposuction sonrasi deri yeterlidir.Ancak, cild yeterince esnek degilse veya Cilt fazlaligi cok fazlaysa, bir Üst Kol düzeltmesi istenilebilinir.Bizim uygulama muyanede Berlinde Avelar sonra teknoloji ile bu müdahaledir(Brezilya)yapilir. Hangi anestezik kullanilir? Lokal anestezik Siskinlik Üst kollar uyusturulur.Isteye [&hellip;]</p>

<!-- This site is optimized with the Yoast SEO Premium plugin v22.5 (Yoast SEO v16.4) - https://yoast.com/wordpress/plugins/seo/ -->
<title>Oberarmstraffung | Oberarmlifting Berlin - Juri Kirsten am Wittenbergplatz</title>
<meta name="description" content="Oberarmstraffung Berlin am Wittnebergplatz ► Oberarmlifting Berlin ► Herr Juri Kirsten ► individuelle Beratungs vereinbaren unter - Tel: 030 23621292" />
<meta name="robots" content="index, follow, max-snippet:-1, max-image-preview:large, max-video-preview:-1" />
<link rel="canonical" href="https://kirsten-derma.de/oberarmstraffung-fettabsaugung-lifting-berlin/" />
<meta property="og:locale" content="tr_TR" />
<meta property="og:type" content="article" />
<meta property="og:title" content="Oberarmstraffung | Oberarmlifting Berlin - Juri Kirsten am Wittenbergplatz" />
<meta property="og:description" content="Oberarmstraffung Berlin am Wittnebergplatz ► Oberarmlifting Berlin ► Herr Juri Kirsten ► individuelle Beratungs vereinbaren unter - Tel: 030 23621292" />
<meta property="og:url" content="https://kirsten-derma.de/oberarmstraffung-fettabsaugung-lifting-berlin/" />
<meta property="og:site_name" content="Praxis Juri Kirsten" />
<meta property="article:modified_time" content="2019-07-17T15:02:57+00:00" />
<meta property="og:image" content="https://kirsten-derma.de/wp-content/uploads/2019/07/oberarmstraffung-berlin-Armliting-Berlin.jpg" />
<meta name="twitter:card" content="summary" />
<meta name="twitter:label1" content="Tahmini okuma süresi" />
	<meta name="twitter:data1" content="3 dakika" />
<script type="application/ld+json" class="yoast-schema-graph">{"@context":"https://schema.org","@graph":[{"@type":"WebSite","@id":"https://kirsten-derma.de/#website","url":"https://kirsten-derma.de/","name":"Praxis Juri Kirsten","description":"Facharzt f\u00fcr Dermatologie und Allergologie Juri Kirsten Berlin","potentialAction":[{"@type":"SearchAction","target":"https://kirsten-derma.de/?s={search_term_string}","query-input":"required name=search_term_string"}],"inLanguage":"tr"},{"@type":"ImageObject","@id":"https://kirsten-derma.de/oberarmstraffung-fettabsaugung-lifting-berlin/#primaryimage","inLanguage":"tr","url":"https://kirsten-derma.de/wp-content/uploads/2017/02/oberarmstraffung-berlin.jpg","contentUrl":"https://kirsten-derma.de/wp-content/uploads/2017/02/oberarmstraffung-berlin.jpg","width":"724","height":"350","caption":"Oberarmstraffung-Berlin"},{"@type":"WebPage","@id":"https://kirsten-derma.de/oberarmstraffung-fettabsaugung-lifting-berlin/#webpage","url":"https://kirsten-derma.de/oberarmstraffung-fettabsaugung-lifting-berlin/","name":"Oberarmstraffung | Oberarmlifting Berlin - Juri Kirsten am Wittenbergplatz","isPartOf":{"@id":"https://kirsten-derma.de/#website"},"primaryImageOfPage":{"@id":"https://kirsten-derma.de/oberarmstraffung-fettabsaugung-lifting-berlin/#primaryimage"},"datePublished":"2017-02-12T21:20:52+00:00","dateModified":"2019-07-17T15:02:57+00:00","description":"Oberarmstraffung Berlin am Wittnebergplatz \u25ba Oberarmlifting Berlin \u25ba Herr Juri Kirsten \u25ba individuelle Beratungs vereinbaren unter - Tel: 030 23621292","breadcrumb":{"@id":"https://kirsten-derma.de/oberarmstraffung-fettabsaugung-lifting-berlin/#breadcrumb"},"inLanguage":"tr","potentialAction":[{"@type":"ReadAction","target":["https://kirsten-derma.de/oberarmstraffung-fettabsaugung-lifting-berlin/"]}]},{"@type":"BreadcrumbList","@id":"https://kirsten-derma.de/oberarmstraffung-fettabsaugung-lifting-berlin/#breadcrumb","itemListElement":[{"@type":"ListItem","position":1,"item":{"@type":"WebPage","@id":"https://kirsten-derma.de/","url":"https://kirsten-derma.de/","name":"Startseite"}},{"@type":"ListItem","position":2,"item":{"@id":"https://kirsten-derma.de/oberarmstraffung-fettabsaugung-lifting-berlin/#webpage"}}]}]}</script>
<!-- / Yoast SEO Premium plugin. -->
